 13) in base 11?
-769047
What is 1b94812 (base 12) in base 11?
3382183
What is 4773a (base 13) in base 16?
1ff27
What is -125264452 (base 7) in base 3?
-120010222012011
What is 116222 (base 10) in base 5?
12204342
Convert 134221031 (base 5) to base 3.
1022022112222
What is -169c7c (base 14) in base 3?
-1111102012011
-121102132 (base 4) to base 16
-1949e
Convert -213525113 (base 7) to base 12.
-43515bb
What is 258632 (base 14) in base 11?
801966
-1608355 (base 9) to base 2
-11011001101111010100
Convert 10112110020221 (base 3) to base 7.
21653416
What is 12222100012 (base 3) in base 15?
24cb2
Convert 2115557 (base 9) to base 13.
308698
-67173 (base 12) to base 5
-13333433
Convert 2322332312 (base 4) to base 11.
483463
Convert 211111002221 (base 3) to base 10.
442582
What is -1514668 (base 9) in base 3?
-1120111202022
-18a1c (base 13) to base 10
-47852
What is -2000011112122 (base 3) in base 2?
-100000100010011010001
Convert 463203 (base 9) to base 16.
43d9a
11100134 (base 5) to base 11
668a9
-10012120021222 (base 3) to base 4
-12133333100
Convert c482 (base 15) to base 9.
62855
Convert -10011001010011110010010 (base 2) to base 3.
-100110020010112
Convert -3c533 (base 14) to base 13.
-52bb0
What is -2334079 (base 10) in base 5?
-1044142304
What is -1418745 (base 9) in base 3?
-1110122211112
Convert 320222010 (base 4) to base 10.
232068
What is 86544a (base 11) in base 16?
151c17
Convert -17641a (base 11) to base 2.
-1000010011010011101
Convert 10246239 (base 10) to base 13.
2179983
Convert 430660 (base 9) to base 3.
111000202000
-354521200 (base 6) to base 7
-110445030
Convert -1a605a5 (base 11) to base 5.
-1342030022
Convert 2002020211 (base 4) to base 13.
158803
Convert -95b2 (base 14) to base 3.
-1022102202
What is 220301031 (base 5) in base 16?
e7348
Convert -2203010231 (base 4) to base 14.
-1355c9
Convert 1101201122100 (base 3) to base 2.
10110101010010111110
What is -1a6a03 (base 11) in base 10?
-316660
What is 139346 (base 10) in base 4?
202001102
2211210022 (base 3) to base 11
39070
1537637 (base 11) to base 13
7115cc
1110012100 (base 3) to base 9
43170
-819a93 (base 16) to base 5
-4133244330
Convert 120323120 (base 4) to base 15.
203be
b07349 (base 14) to base 6
331121045
What is -43031233 (base 5) in base 6?
-11425203
What is -21a7401 (base 12) in base 16?
-624781
-102322233133 (base 4) to base 16
-4babdf
Convert 4e484 (base 15) to base 14.
67566
-450431 (base 7) to base 8
-233133
Convert -15347685 (base 9) to base 10.
-7649231
-222469 (base 10) to base 14
-5b109
-101187 (base 13) to base 3
-200222201100
Convert 373418 (base 12) to base 5.
212204203
Convert -62927 (base 12) to base 16.
-1f8af
What is -322221131 (base 4) in base 9?
-405462
What is 18d3d (base 16) in base 10?
101693
47269 (base 13) to base 10
130048
Convert -1771062 (base 9) to base 7.
-11266442
What is 376208 (base 9) in base 12?
ab882
What is -adca6e (base 15) in base 13?
-1945631
13423514 (base 6) to base 4
1232330212
What is 9979264 (base 10) in base 2?
100110000100010110000000
-168226 (base 10) to base 5
-20340401
255303 (base 12) to base 3
1011000100010
-3310132 (base 5) to base 11
-39843
1030231 (base 6) to base 4
30113023
2010012001211 (base 3) to base 10
1125625
2220310011 (base 4) to base 11
432561
Convert -231233131 (base 4) to base 15.
-3a7a7
What is 33042022 (base 5) in base 12?
118438
Convert 22212333223 (base 4) to base 14.
525787
What is 2166565 (base 7) in base 12?
10b711
Convert -6773d8 (base 15) to base 6.
-253435452
11011001111010111010 (base 2) to base 10
892602
-11214100 (base 5) to base 16
-18b1e
10121330032 (base 4) to base 9
2150114
-291572 (base 10) to base 12
-120898
What is 85801 (base 11) in base 3?
20100010110
What is -110666406 (base 7) in base 12?
-22b4850
-1011001100000011100000 (base 2) to base 15
-3ce05a
What is -2134433104 (base 5) in base 13?
-c54853
What is -7114a (base 11) in base 3?
-12021122121
Convert 1beb3 (base 16) to base 14.
2d963
-1235488 (base 11) to base 3
-11000222010211
Convert 47433 (base 10) to base 8.
134511
-2b874 (base 12) to base 8
-170430
1103550 (base 6) to base 2
1101011111111010
-12330232111 (base 4) to base 6
-103013141
What is 341566 (base 9) in base 2?
110001111100101001
-90a664 (base 13) to base 3
-20022221111122
118732 (base 9) to base 5
4301123
Convert 110101011101101111110 (base 2) to base 8.
6535576
78b531 (base 15) to base 5
2433241141
What is 24543a (base 12) in base 15?
b9b9a
Convert -1961a9 (base 12) to base 6.
-13321133
-433b8 (base 15) to base 14
-57b21
Convert 210310011002 (base 4) to base 15.
ca9618
-1001000001011010011 (base 2) to base 4
-1020023103
What is 42522650 (base 8) in base 14?
12c750c
What is 10110101000100100 (base 2) in base 12?
45798
What is 176ff (base 16) in base 14?
26db1
What is -121222211100020 (base 3) in base 16?
-89cdbd
Convert 93764 (base 12) to base 7.
1432240
4a659 (base 13) to base 8
414126
24d6ea (base 15) to base 13
49b1a8
-10277317 (base 8) to base 11
-126a282
What is 13178 (base 14) in base 9?
71356
4a168 (base 12) to base 3
12002210022
2213132032 (base 4) to base 2
10100111011110001110
Convert -805017 (base 11) to base 7.
-14002514
Convert -4464170 (base 8) to base 12.
-4a2188
Convert 11341323222 (base 5) to base 10.
13229812
What is 250662 (base 8) in base 4?
111012302
What is -24501304 (base 6) in base 14?
-16649a
Convert -203aa (base 11) to base 13.
-10718
Convert -24413640 (base 7) to base 10.
-2188662
-20a820 (base 11) to base 3
-122002110100
Convert 1189601 (base 10) to base 14.
22d757
-3717c (base 13) to base 11
-6a152
53692 (base 10) to base 7
312352
10110101010110110 (base 2) to base 13
33358
-b700 (base 16) to base 6
-1000520
4b83b0 (base 14) to base 6
131353050
What is -151935 (base 13) in base 2?
-1111110011011100100
What is 1000011011011001111 (base 2) in base 15?
56c6a
1528136 (base 9) to base 15
11a8d9
What is 3264455 (base 7) in base 15?
7e435
Convert 10210031333 (base 4) to base 15.
1899a2
Convert -514422314 (base 6) to base 8.
-41744506
Convert 47c7a (base 16) to base 7.
2333113
-5d508 (base 14) to base 6
-4522552
Convert -93360 (base 11) to base 10.
-136191
1110746 (base 8) to base 2
1001001000111100110
Convert 101110000010100001 (base 2) to base 15.
3ad1c
Convert -1111140340 (base 5) to base 12.
-999a98
What is -91998 (base 14) in base 5?
-42203021
11110111111001101 (base 2) to base 12
61551
50503430 (base 6) to base 14
2967a2
-2055713 (base 8) to base 13
-162446
Convert a12b4b (base 16) to base 5.
10200444004
2721040 (base 8) to base 10
762400
Convert -124662116 (base 7) to base 11.
-4573415
33a961 (base 11) to base 9
1014763
What is 1210111120 (base 3) in base 7?
205041
-185529 (base 10) to base 3
-100102111110
-100000010011100110 (base 2) to base 8
-402346
-1323132303 (base 4) to base 7
-4204401
What is -2023084 (base 11) in base 9?
-6651016
24313343 (base 7) to base 9
4070022
What is -5367937 (base 10) in base 15?
-710777
What is 304145366 (base 7) in base 5?
14023341240
-30551 (base 9) to base 12
-b79a
Convert -11021011212110 (base 3) to base 9.
-4234773
What is 48bb1 (base 12) in base 6?
2035541
What is 50542312 (base 6) in base 7?
15163523
617002 (base 8) to base 11
12a539
What is -595916 (base 11) in base 13?
-27105a
Convert -129377b (base 12) to base 3.
-20220210021212
-10110100100100001111 (base 2) to base 16
-b490f
8740114 (base 10) to base 12
2b15b2a
Convert 6353540 (base 7) to base 2.
10111011111001010110
Convert 20344104 (base 5) to base 11.
105792
Convert 6718337 (base 10) to base 15.
8ca942
Convert 22324101 (base 7) to base 6.
105320553
What is -12481393 (base 10) in base 12?
-421b041
-12122222001 (base 3) to base 13
-3b9aa
What is -737571 (base 9) in base 6?
-13222314
Convert 48541 (base 11) to base 12.
3451a
Convert 395845 (base 11) to base 7.
5202100
What is 14b9b (base 16) in base 5?
10204031
-12331130013 (base 4) to base 13
-4bb5c8
What is 44401232 (base 7) in base 9?
7181128
Convert -23224213 (base 5) to base 6.
-4305411
What is -7537 (base 13) in base 7?
-65302
-10022 (base 15) to base 13
-1a099
-607611 (base 10) to base 9
-1125433
Convert 73363 (base 9) to base 15.
e529
What is 2000b (base 14) in base 2?
10010110000101011
Convert 5226155 (base 7) to base 3.
1011221120012
Convert -187004 (base 10) to base 6.
-4001432
C